{"id":4904,"date":"2022-02-01T15:18:33","date_gmt":"2022-02-01T15:18:33","guid":{"rendered":"http:\/\/fotobbreportajestienda.es\/?post_type=product&#038;p=4904"},"modified":"2022-02-01T16:17:29","modified_gmt":"2022-02-01T16:17:29","slug":"caja-deluxe","status":"publish","type":"product","link":"https:\/\/fotobbreportajestienda.es\/?product=caja-deluxe","title":{"rendered":"Caja Deluxe"},"content":{"rendered":"<p>CAJA DELUXE:<\/p>\n<p>Exterior TAPA con hendido+grabado sobre antes<\/p>\n<p>Interior TAPA con imagen personalizada<\/p>\n<p>\u00c1lbum 25x25cm con 16 p\u00e1ginas<\/p>\n<p>Libro de firmas 17&#215;20 a juego con el \u00e1lbum<\/p>\n<p>Acorde\u00f3n con 4 fotos en 12&#215;12<\/p>\n","protected":false},"excerpt":{"rendered":"<p>Te presentamos un opci\u00f3n que te enamorar\u00e1 a la hora de guardar las fotos de Primera Comuni\u00f3n de tu hij@.\u00a0 Consiste en una preciosa caja compuesta de dos cajones, el inferior est\u00e1 preparado para que puedas guardar el \u00e1lbum de fotos, y el superior est\u00e1 pensado para guardar un libro de firmas que llevar el d\u00eda que tu hij@ tome la Comuni\u00f3n a la celebraci\u00f3n, as\u00ed como algunos<br \/>\ncomplementos.<\/p>\n<p>La caja podr\u00e1s personalizarla a tu gusto: en la tapa podr\u00e1s grabar el nombre de tu<br \/>\nhijo y la fecha de su comuni\u00f3n; el interior de la tapa ir\u00e1 personalizado con la foto<br \/>\nque m\u00e1s te guste y adem\u00e1s, podr\u00e1s elegir entre tres colores: beige, rosa palo y<br \/>\nazul celeste.<\/p>\n","protected":false},"featured_media":4905,"template":"","meta":{"site-sidebar-layout":"default","site-content-layout":"default","ast-global-header-display":"","ast-main-header-display":"","ast-hfb-above-header-display":"","ast-hfb-below-header-display":"","ast-hfb-mobile-header-display":"","site-post-title":"","ast-breadcrumbs-content":"","ast-featured-img":"","footer-sml-layout":"","theme-transparent-header-meta":"default","adv-header-id-meta":"","stick-header-meta":"","header-above-stick-meta":"","header-main-stick-meta":"","header-below-stick-meta":""},"product_cat":[42,44,48,46],"product_tag":[],"class_list":{"0":"post-4904","1":"product","2":"type-product","3":"status-publish","4":"has-post-thumbnail","6":"product_cat-acabados","7":"product_cat-album-digital","8":"product_cat-foto-regalo","9":"product_cat-fotodecoracion","10":"desktop-align-center","11":"tablet-align-center","12":"mobile-align-center","14":"first","15":"instock","16":"taxable","17":"shipping-taxable","18":"purchasable","19":"product-type-simple"},"_links":{"self":[{"href":"https:\/\/fotobbreportajestienda.es\/index.php?rest_route=\/wp\/v2\/product\/4904"}],"collection":[{"href":"https:\/\/fotobbreportajestienda.es\/index.php?rest_route=\/wp\/v2\/product"}],"about":[{"href":"https:\/\/fotobbreportajestienda.es\/index.php?rest_route=\/wp\/v2\/types\/product"}],"wp:featuredmedia":[{"embeddable":true,"href":"https:\/\/fotobbreportajestienda.es\/index.php?rest_route=\/wp\/v2\/media\/4905"}],"wp:attachment":[{"href":"https:\/\/fotobbreportajestienda.es\/index.php?rest_route=%2Fwp%2Fv2%2Fmedia&parent=4904"}],"wp:term":[{"taxonomy":"product_cat","embeddable":true,"href":"https:\/\/fotobbreportajestienda.es\/index.php?rest_route=%2Fwp%2Fv2%2Fproduct_cat&post=4904"},{"taxonomy":"product_tag","embeddable":true,"href":"https:\/\/fotobbreportajestienda.es\/index.php?rest_route=%2Fwp%2Fv2%2Fproduct_tag&post=4904"}],"curies":[{"name":"wp","href":"https:\/\/api.w.org\/{rel}","templated":true}]}}

<p>CAJA DELUXE:</p>
<p>Exterior TAPA con hendido+grabado sobre antes</p>
<p>Interior TAPA con imagen personalizada</p>
<p>Álbum 25x25cm con 16 páginas</p>
<p>Libro de firmas 17&#215;20 a juego con el álbum</p>
<p>Acordeón con 4 fotos en 12&#215;12</p>

<p>Te presentamos un opción que te enamorará a la hora de guardar las fotos de Primera Comunión de tu hij@.  Consiste en una preciosa caja compuesta de dos cajones, el inferior está preparado para que puedas guardar el álbum de fotos, y el superior está pensado para guardar un libro de firmas que llevar el día que tu hij@ tome la Comunión a la celebración, así como algunos<br />
complementos.</p>
<p>La caja podrás personalizarla a tu gusto: en la tapa podrás grabar el nombre de tu<br />
hijo y la fecha de su comunión; el interior de la tapa irá personalizado con la foto<br />
que más te guste y además, podrás elegir entre tres colores: beige, rosa palo y<br />
azul celeste.</p>
