{"id":4878,"date":"2022-02-01T13:34:07","date_gmt":"2022-02-01T13:34:07","guid":{"rendered":"http:\/\/fotobbreportajestienda.es\/?post_type=product&#038;p=4878"},"modified":"2024-02-01T11:01:53","modified_gmt":"2024-02-01T11:01:53","slug":"caja-personalizada-con-fotos","status":"publish","type":"product","link":"https:\/\/fotobbreportajestienda.es\/?product=caja-personalizada-con-fotos","title":{"rendered":"Caja Personalizada con fotos"},"content":{"rendered":"<p>Preciosa caja de madera personalizable con una fotograf\u00eda en la tapa de la misma. En el interior est\u00e1 pensado para guardar las copias fotogr\u00e1ficas de tu reportaje que m\u00e1s te gusten. Incluye 10 fotos, pero lo puedes ampliar con un n\u00famero mayor. Lo puedes colgar en la pared o colocar sobre una estanter\u00eda o mueble. Es el regalo perfecto para regalar a los abuelos y para que el ni\u00f1o tenga en su habitaci\u00f3n.<\/p>\n<p>El tama\u00f1o de las fotos que hay en el interior es de 15&#215;20 y la caja mide unos 25cm. Se puede elegir tambi\u00e9n la forma de la caja entre redonda como la de la foto, rectangular u octogonal.<\/p>\n","protected":false},"excerpt":{"rendered":"<p>Caja con foto exterior y 10 fotos en su interior<br \/>\nForma redonda, rectangular u octogonal<br \/>\nCapacidad para fotos en el interior<\/p>\n","protected":false},"featured_media":4884,"template":"","meta":{"site-sidebar-layout":"default","site-content-layout":"default","ast-global-header-display":"","ast-main-header-display":"","ast-hfb-above-header-display":"","ast-hfb-below-header-display":"","ast-hfb-mobile-header-display":"","site-post-title":"","ast-breadcrumbs-content":"","ast-featured-img":"","footer-sml-layout":"","theme-transparent-header-meta":"default","adv-header-id-meta":"","stick-header-meta":"","header-above-stick-meta":"","header-main-stick-meta":"","header-below-stick-meta":""},"product_cat":[42,48,46],"product_tag":[],"class_list":{"0":"post-4878","1":"product","2":"type-product","3":"status-publish","4":"has-post-thumbnail","6":"product_cat-acabados","7":"product_cat-foto-regalo","8":"product_cat-fotodecoracion","9":"desktop-align-center","10":"tablet-align-center","11":"mobile-align-center","13":"first","14":"instock","15":"taxable","16":"shipping-taxable","17":"purchasable","18":"product-type-simple"},"_links":{"self":[{"href":"https:\/\/fotobbreportajestienda.es\/index.php?rest_route=\/wp\/v2\/product\/4878"}],"collection":[{"href":"https:\/\/fotobbreportajestienda.es\/index.php?rest_route=\/wp\/v2\/product"}],"about":[{"href":"https:\/\/fotobbreportajestienda.es\/index.php?rest_route=\/wp\/v2\/types\/product"}],"wp:featuredmedia":[{"embeddable":true,"href":"https:\/\/fotobbreportajestienda.es\/index.php?rest_route=\/wp\/v2\/media\/4884"}],"wp:attachment":[{"href":"https:\/\/fotobbreportajestienda.es\/index.php?rest_route=%2Fwp%2Fv2%2Fmedia&parent=4878"}],"wp:term":[{"taxonomy":"product_cat","embeddable":true,"href":"https:\/\/fotobbreportajestienda.es\/index.php?rest_route=%2Fwp%2Fv2%2Fproduct_cat&post=4878"},{"taxonomy":"product_tag","embeddable":true,"href":"https:\/\/fotobbreportajestienda.es\/index.php?rest_route=%2Fwp%2Fv2%2Fproduct_tag&post=4878"}],"curies":[{"name":"wp","href":"https:\/\/api.w.org\/{rel}","templated":true}]}}

<p>Preciosa caja de madera personalizable con una fotografía en la tapa de la misma. En el interior está pensado para guardar las copias fotográficas de tu reportaje que más te gusten. Incluye 10 fotos, pero lo puedes ampliar con un número mayor. Lo puedes colgar en la pared o colocar sobre una estantería o mueble. Es el regalo perfecto para regalar a los abuelos y para que el niño tenga en su habitación.</p>
<p>El tamaño de las fotos que hay en el interior es de 15&#215;20 y la caja mide unos 25cm. Se puede elegir también la forma de la caja entre redonda como la de la foto, rectangular u octogonal.</p>
