{"id":4442,"date":"2020-05-06T14:31:09","date_gmt":"2020-05-06T14:31:09","guid":{"rendered":"http:\/\/fotobbreportajestienda.es\/?post_type=product&#038;p=4442"},"modified":"2025-04-22T18:36:50","modified_gmt":"2025-04-22T18:36:50","slug":"minisesiones-de-carnaval","status":"publish","type":"product","link":"https:\/\/fotobbreportajestienda.es\/?product=minisesiones-de-carnaval","title":{"rendered":"Minisesiones de Carnaval"},"content":{"rendered":"<p>Ven con tus hij@s disfrazados a nuestras minisesiones de fotos de Carnaval. Le haremos unas fotos muy molonas en el set especial que hemos montado este a\u00f1o para Carnaval.<\/p>\n<p>SOLO DISPONIBLE EN FEBRERO<\/p>\n<p>Los ni\u00f1os tienen que venir ya disfrazados y os citaremos por tramos horarios de una hora (cada minisesi\u00f3n es de 10-15min).\u00a0<b>Podr\u00e1s elegir el d\u00eda y el tramo en que quieres venir<\/b>. Si no vienes en tu turno o en tu d\u00eda, no\u00a0podemos asegurar tu minisesi\u00f3n.<\/p>\n<p>Los tramos se ir\u00e1n llenando por orden de registro.\u00a0Si eliges un tramo que ya est\u00e1 ocupado, te propondremos las alternativas que siguen disponibles.<\/p>\n","protected":false},"excerpt":{"rendered":"<p>Ven con tus hij@s disfrazados a nuestras minisesiones de fotos de Carnaval. Le haremos unas fotos muy molonas en el set especial que hemos montado este a\u00f1o para Carnaval. SOLO DISPONIBLE EN FEBRERO Los ni\u00f1os tienen que venir ya disfrazados y os citaremos por tramos horarios de una hora (cada minisesi\u00f3n es de 10-15min).\u00a0Podr\u00e1s elegir &hellip;<\/p>\n<p class=\"read-more\"> <a class=\"\" href=\"https:\/\/fotobbreportajestienda.es\/?product=minisesiones-de-carnaval\"> <span class=\"screen-reader-text\">Minisesiones de Carnaval<\/span> Leer m\u00e1s &raquo;<\/a><\/p>\n","protected":false},"featured_media":4397,"template":"","meta":{"site-sidebar-layout":"default","site-content-layout":"default","ast-global-header-display":"","ast-main-header-display":"","ast-hfb-above-header-display":"","ast-hfb-below-header-display":"","ast-hfb-mobile-header-display":"","site-post-title":"","ast-breadcrumbs-content":"","ast-featured-img":"","footer-sml-layout":"","theme-transparent-header-meta":"default","adv-header-id-meta":"","stick-header-meta":"","header-above-stick-meta":"","header-main-stick-meta":"","header-below-stick-meta":""},"product_cat":[110],"product_tag":[],"class_list":{"0":"post-4442","1":"product","2":"type-product","3":"status-publish","4":"has-post-thumbnail","6":"product_cat-promociones-especiales","7":"desktop-align-center","8":"tablet-align-center","9":"mobile-align-center","11":"first","12":"outofstock","13":"taxable","14":"shipping-taxable","15":"purchasable","16":"product-type-simple"},"_links":{"self":[{"href":"https:\/\/fotobbreportajestienda.es\/index.php?rest_route=\/wp\/v2\/product\/4442"}],"collection":[{"href":"https:\/\/fotobbreportajestienda.es\/index.php?rest_route=\/wp\/v2\/product"}],"about":[{"href":"https:\/\/fotobbreportajestienda.es\/index.php?rest_route=\/wp\/v2\/types\/product"}],"wp:featuredmedia":[{"embeddable":true,"href":"https:\/\/fotobbreportajestienda.es\/index.php?rest_route=\/wp\/v2\/media\/4397"}],"wp:attachment":[{"href":"https:\/\/fotobbreportajestienda.es\/index.php?rest_route=%2Fwp%2Fv2%2Fmedia&parent=4442"}],"wp:term":[{"taxonomy":"product_cat","embeddable":true,"href":"https:\/\/fotobbreportajestienda.es\/index.php?rest_route=%2Fwp%2Fv2%2Fproduct_cat&post=4442"},{"taxonomy":"product_tag","embeddable":true,"href":"https:\/\/fotobbreportajestienda.es\/index.php?rest_route=%2Fwp%2Fv2%2Fproduct_tag&post=4442"}],"curies":[{"name":"wp","href":"https:\/\/api.w.org\/{rel}","templated":true}]}}

<p>Ven con tus hij@s disfrazados a nuestras minisesiones de fotos de Carnaval. Le haremos unas fotos muy molonas en el set especial que hemos montado este año para Carnaval.</p>
<p>SOLO DISPONIBLE EN FEBRERO</p>
<p>Los niños tienen que venir ya disfrazados y os citaremos por tramos horarios de una hora (cada minisesión es de 10-15min). <b>Podrás elegir el día y el tramo en que quieres venir</b>. Si no vienes en tu turno o en tu día, no podemos asegurar tu minisesión.</p>
<p>Los tramos se irán llenando por orden de registro. Si eliges un tramo que ya está ocupado, te propondremos las alternativas que siguen disponibles.</p>

<p>Ven con tus hij@s disfrazados a nuestras minisesiones de fotos de Carnaval. Le haremos unas fotos muy molonas en el set especial que hemos montado este año para Carnaval. SOLO DISPONIBLE EN FEBRERO Los niños tienen que venir ya disfrazados y os citaremos por tramos horarios de una hora (cada minisesión es de 10-15min). Podrás elegir &hellip;</p>
<p class="read-more"> <a class="" href="https://fotobbreportajestienda.es/?product=minisesiones-de-carnaval"> <span class="screen-reader-text">Minisesiones de Carnaval</span> Leer más &raquo;</a></p>
