{"id":4390,"date":"2020-05-06T12:44:50","date_gmt":"2020-05-06T12:44:50","guid":{"rendered":"http:\/\/fotobbreportajestienda.es\/?post_type=product&#038;p=4390"},"modified":"2026-02-12T19:14:19","modified_gmt":"2026-02-12T19:14:19","slug":"sesion-por-san-valentin","status":"publish","type":"product","link":"https:\/\/fotobbreportajestienda.es\/?product=sesion-por-san-valentin","title":{"rendered":"Promoci\u00f3n Especial San Valent\u00edn"},"content":{"rendered":"<h2>EL AMOR EST\u00c1 EN EL AIRE<\/h2>\n<p>y en FotoBB Reportajes queremos que aprovech\u00e9is para retratarlo en un bonito Reportaje de Familia.<\/p>\n<h2>\u2764 FORMATO ESPECIAL DE SAN VALENT\u00cdN \u2764<\/h2>\n<p>Os proponemos una bonita sesi\u00f3n de fotos en familia, con vuestro beb\u00e9 (a partir de 5 meses) o de un momento tan especial como un embrazo. La sesi\u00f3n se realiza en nuestro Estudio de Pozuelo de Alarc\u00f3n y tiene una duraci\u00f3n de 45 minutos. En ella haremos fotos de familia en diferentes combinaciones y poses para tener un recuerdo especial de tu familia.<\/p>\n<p>La sesi\u00f3n incluye 10 fotos impresas en tama\u00f1o 15x20cm en papel fotogr\u00e1fico de alta calidad que son elegidas por ti y las mismas 10 fotos en digital para descargar. Puedes ampliar la selecci\u00f3n de fotos de forma individual a 8\u20ac la unidad o adquirir la galer\u00eda completa por 70\u20ac. (Precios solo PROMOCI\u00d3N SAN VALENT\u00cdN)<\/p>\n<p><img loading=\"lazy\" decoding=\"async\" class=\"alignnone size-medium wp-image-4939\" src=\"http:\/\/fotobbreportajestienda.es\/wp-content\/uploads\/2020\/05\/Marco-Circular2-1-300x225.jpg\" alt=\"\" width=\"300\" height=\"225\" srcset=\"https:\/\/fotobbreportajestienda.es\/wp-content\/uploads\/2020\/05\/Marco-Circular2-1-300x225.jpg 300w, https:\/\/fotobbreportajestienda.es\/wp-content\/uploads\/2020\/05\/Marco-Circular2-1-1024x768.jpg 1024w, https:\/\/fotobbreportajestienda.es\/wp-content\/uploads\/2020\/05\/Marco-Circular2-1-768x576.jpg 768w, https:\/\/fotobbreportajestienda.es\/wp-content\/uploads\/2020\/05\/Marco-Circular2-1-1536x1152.jpg 1536w, https:\/\/fotobbreportajestienda.es\/wp-content\/uploads\/2020\/05\/Marco-Circular2-1-2048x1536.jpg 2048w, https:\/\/fotobbreportajestienda.es\/wp-content\/uploads\/2020\/05\/Marco-Circular2-1-600x450.jpg 600w\" sizes=\"(max-width: 300px) 100vw, 300px\" \/><\/p>\n<p>PROMOCI\u00d3N SOLO DISPONIBLE HASTA EL 14 DE FEBRERO<\/p>\n<p>Solo podr\u00e1s adquirir esta promoci\u00f3n hasta el 14 de Febrero en nuestra tienda online. Una vez realizada la compra nos pondremos en contacto con vosotros para organizar la sesi\u00f3n.<\/p>\n<p>Te prepararemos una tarjeta digital para que se la puedas enviar o imprimir en casa y entregar en mano. Este vale regalo no caduca. Podr\u00e1s canjearlo hasta el 30 de Septiembre de 2026 y si la cosa se complica, a partir de enero de 2027 sin l\u00edmite, pero no en Octubre, Noviembre y Diciembre.<\/p>\n<p>Complementa tu compra con:<\/p>\n<ul>\n<li>alguno de los Acabados que ofrecemos:\u00a0<a href=\"http:\/\/fotobbreportajestienda.es\/?product_cat=acabados\">\u00c1lbumes, Cuadros, FotoRegalo, Recordatorios<\/a>&#8230;.<\/li>\n<li><a href=\"http:\/\/fotobbreportajestienda.es\/?product=envio-paquete-regalo\">Env\u00edo de Paquete de Regalo<\/a>\u00a0con tarjeta regalo personalizada.<\/li>\n<\/ul>\n","protected":false},"excerpt":{"rendered":"<ul>\n<li>45 minutos de sesi\u00f3n en estudio<\/li>\n<li>Fotos de familia, de beb\u00e9s o de embarazo<\/li>\n<li>V\u00e1lida para una \u00fanica familia<\/li>\n<li>10 fotos impresas en papel fotogr\u00e1fico<\/li>\n<li>las mismas 10 fotos en digital<\/li>\n<li>Opci\u00f3n de ampliar la selecci\u00f3n<\/li>\n<li>(Beb\u00e9s a partir de 5 meses)<\/li>\n<\/ul>\n","protected":false},"featured_media":4428,"template":"","meta":{"site-sidebar-layout":"default","site-content-layout":"default","ast-global-header-display":"","ast-main-header-display":"","ast-hfb-above-header-display":"","ast-hfb-below-header-display":"","ast-hfb-mobile-header-display":"","site-post-title":"","ast-breadcrumbs-content":"","ast-featured-img":"","footer-sml-layout":"","theme-transparent-header-meta":"default","adv-header-id-meta":"","stick-header-meta":"","header-above-stick-meta":"","header-main-stick-meta":"","header-below-stick-meta":""},"product_cat":[110],"product_tag":[],"class_list":{"0":"post-4390","1":"product","2":"type-product","3":"status-publish","4":"has-post-thumbnail","6":"product_cat-promociones-especiales","7":"desktop-align-center","8":"tablet-align-center","9":"mobile-align-center","11":"first","12":"instock","13":"taxable","14":"shipping-taxable","15":"purchasable","16":"product-type-simple"},"_links":{"self":[{"href":"https:\/\/fotobbreportajestienda.es\/index.php?rest_route=\/wp\/v2\/product\/4390"}],"collection":[{"href":"https:\/\/fotobbreportajestienda.es\/index.php?rest_route=\/wp\/v2\/product"}],"about":[{"href":"https:\/\/fotobbreportajestienda.es\/index.php?rest_route=\/wp\/v2\/types\/product"}],"wp:featuredmedia":[{"embeddable":true,"href":"https:\/\/fotobbreportajestienda.es\/index.php?rest_route=\/wp\/v2\/media\/4428"}],"wp:attachment":[{"href":"https:\/\/fotobbreportajestienda.es\/index.php?rest_route=%2Fwp%2Fv2%2Fmedia&parent=4390"}],"wp:term":[{"taxonomy":"product_cat","embeddable":true,"href":"https:\/\/fotobbreportajestienda.es\/index.php?rest_route=%2Fwp%2Fv2%2Fproduct_cat&post=4390"},{"taxonomy":"product_tag","embeddable":true,"href":"https:\/\/fotobbreportajestienda.es\/index.php?rest_route=%2Fwp%2Fv2%2Fproduct_tag&post=4390"}],"curies":[{"name":"wp","href":"https:\/\/api.w.org\/{rel}","templated":true}]}}