{"id":4027,"date":"2020-05-05T18:00:11","date_gmt":"2020-05-05T18:00:11","guid":{"rendered":"http:\/\/fotobbreportajestienda.es\/?post_type=product&#038;p=4027"},"modified":"2020-12-17T08:39:46","modified_gmt":"2020-12-17T08:39:46","slug":"envio-por-mensajero","status":"publish","type":"product","link":"https:\/\/fotobbreportajestienda.es\/?product=envio-por-mensajero","title":{"rendered":"Env\u00edo por mensajero"},"content":{"rendered":"<p>Es dif\u00edcil encontrar tiempo para hacer todas las cosas que tenemos pendientes en el D\u00eda a D\u00eda. Por eso te ofrecemos la posibilidad de Enviarte tu Reportaje por un servicio de Mensajer\u00eda. Recibir\u00e1s tus Fotograf\u00edas en 24-48hs en tu casa para tu comodidad.<\/p>\n","protected":false},"excerpt":{"rendered":"<p>Es dif\u00edcil encontrar tiempo para hacer todas las cosas que tenemos pendientes en el D\u00eda a D\u00eda. Por eso te ofrecemos la posibilidad de Enviarte tu Reportaje por un servicio de Mensajer\u00eda. Recibir\u00e1s tus Fotograf\u00edas en 24-48hs en tu casa para tu comodidad.<\/p>\n","protected":false},"featured_media":4026,"template":"","meta":{"site-sidebar-layout":"default","site-content-layout":"default","ast-global-header-display":"","ast-main-header-display":"","ast-hfb-above-header-display":"","ast-hfb-below-header-display":"","ast-hfb-mobile-header-display":"","site-post-title":"","ast-breadcrumbs-content":"","ast-featured-img":"","footer-sml-layout":"","theme-transparent-header-meta":"default","adv-header-id-meta":"","stick-header-meta":"","header-above-stick-meta":"","header-main-stick-meta":"","header-below-stick-meta":""},"product_cat":[42,45],"product_tag":[],"class_list":{"0":"post-4027","1":"product","2":"type-product","3":"status-publish","4":"has-post-thumbnail","6":"product_cat-acabados","7":"product_cat-copias-y-extras","8":"desktop-align-center","9":"tablet-align-center","10":"mobile-align-center","12":"first","13":"instock","14":"sale","15":"taxable","16":"shipping-taxable","17":"purchasable","18":"product-type-simple"},"_links":{"self":[{"href":"https:\/\/fotobbreportajestienda.es\/index.php?rest_route=\/wp\/v2\/product\/4027"}],"collection":[{"href":"https:\/\/fotobbreportajestienda.es\/index.php?rest_route=\/wp\/v2\/product"}],"about":[{"href":"https:\/\/fotobbreportajestienda.es\/index.php?rest_route=\/wp\/v2\/types\/product"}],"wp:featuredmedia":[{"embeddable":true,"href":"https:\/\/fotobbreportajestienda.es\/index.php?rest_route=\/wp\/v2\/media\/4026"}],"wp:attachment":[{"href":"https:\/\/fotobbreportajestienda.es\/index.php?rest_route=%2Fwp%2Fv2%2Fmedia&parent=4027"}],"wp:term":[{"taxonomy":"product_cat","embeddable":true,"href":"https:\/\/fotobbreportajestienda.es\/index.php?rest_route=%2Fwp%2Fv2%2Fproduct_cat&post=4027"},{"taxonomy":"product_tag","embeddable":true,"href":"https:\/\/fotobbreportajestienda.es\/index.php?rest_route=%2Fwp%2Fv2%2Fproduct_tag&post=4027"}],"curies":[{"name":"wp","href":"https:\/\/api.w.org\/{rel}","templated":true}]}}