{"id":3206,"date":"2020-04-30T17:13:17","date_gmt":"2020-04-30T17:13:17","guid":{"rendered":"http:\/\/fotobbreportajestienda.es\/?post_type=product&#038;p=3206"},"modified":"2024-04-08T13:01:34","modified_gmt":"2024-04-08T13:01:34","slug":"pack-ciguena-sencillo","status":"publish","type":"product","link":"https:\/\/fotobbreportajestienda.es\/?product=pack-ciguena-sencillo","title":{"rendered":"Pack Cig\u00fce\u00f1a Sencillo"},"content":{"rendered":"<p>El PACK CIG\u00dcE\u00d1A\u00a0SENCILLO consiste en dos sesiones:<\/p>\n<ol>\n<li>Minisesi\u00f3n de Embarazo: 20 min sesi\u00f3n Premam\u00e1 en Estudio.<\/li>\n<li>Reci\u00e9n Nacido Ampliado:\u00a090 min. sesi\u00f3n Reci\u00e9n Nacido en Estudio.<\/li>\n<\/ol>\n<p>Incluye\u00a010 Fotograf\u00edas Retocadas y en Ampliaciones 15&#215;20 impresas en papel fotogr\u00e1fico de calidad profesional. Las\u00a010 fotograf\u00edas son seleccionadas por los padres.<\/p>\n<div class=\"product-single__description rte\">Incluye\u00a0Galer\u00eda con todos las im\u00e1genes resultantes para visualizar y descargar en Alta Resoluci\u00f3n (200-220 fotos).<br \/>\nUna vez realizada la compra nos pondremos en contacto con vosotros para organizar la sesi\u00f3n. Si es un regalo podr\u00e1s pedirnos una tarjeta imprimible o por email. Te enviaremos un email solicitando los detalles cuando nos llegue la notificaci\u00f3n de la compra terminada.<\/div>\n<div><\/div>\n<div class=\"product-single__description rte\">\n<p>Complementa tu compra con:<\/p>\n<ul>\n<li>alguno de los Acabados que ofrecemos:\u00a0<a href=\"http:\/\/fotobbreportajestienda.es\/?product_cat=acabados\">\u00c1lbumes, Cuadros, FotoRegalo, Recordatorios<\/a>\u2026.<\/li>\n<li>el Env\u00edo del Reportaje Acabado por\u00a0<a href=\"http:\/\/fotobbreportajestienda.es\/?product=envio-por-mensajero\">mensajero<\/a>\u00a0cuando est\u00e9 terminado,<\/li>\n<li><a href=\"http:\/\/fotobbreportajestienda.es\/?product=envio-paquete-regalo\">Env\u00edo de Paquete de Regalo<\/a>\u00a0con tarjeta regalo personalizada.<\/li>\n<\/ul>\n<\/div>\n","protected":false},"excerpt":{"rendered":"<p>El PACK CIG\u00dcE\u00d1A\u00a0SENCILLO consiste en dos sesiones: Minisesi\u00f3n de Embarazo: 20 min sesi\u00f3n Premam\u00e1 en Estudio. Reci\u00e9n Nacido Ampliado:\u00a090 min. sesi\u00f3n Reci\u00e9n Nacido en Estudio. Incluye\u00a010 Fotograf\u00edas Retocadas y en Ampliaciones 15&#215;20 impresas en papel fotogr\u00e1fico de calidad profesional. Las\u00a010 fotograf\u00edas son seleccionadas por los padres. Incluye\u00a0Galer\u00eda con todos las im\u00e1genes resultantes para visualizar y &hellip;<\/p>\n<p class=\"read-more\"> <a class=\"\" href=\"https:\/\/fotobbreportajestienda.es\/?product=pack-ciguena-sencillo\"> <span class=\"screen-reader-text\">Pack Cig\u00fce\u00f1a Sencillo<\/span> Leer m\u00e1s &raquo;<\/a><\/p>\n","protected":false},"featured_media":3234,"template":"","meta":{"site-sidebar-layout":"default","site-content-layout":"default","ast-global-header-display":"","ast-main-header-display":"","ast-hfb-above-header-display":"","ast-hfb-below-header-display":"","ast-hfb-mobile-header-display":"","site-post-title":"","ast-breadcrumbs-content":"","ast-featured-img":"","footer-sml-layout":"","theme-transparent-header-meta":"default","adv-header-id-meta":"","stick-header-meta":"","header-above-stick-meta":"","header-main-stick-meta":"","header-below-stick-meta":""},"product_cat":[15],"product_tag":[],"class_list":{"0":"post-3206","1":"product","2":"type-product","3":"status-publish","4":"has-post-thumbnail","6":"product_cat-uncategorized","7":"desktop-align-center","8":"tablet-align-center","9":"mobile-align-center","11":"first","12":"outofstock","13":"taxable","14":"shipping-taxable","15":"purchasable","16":"product-type-variable"},"_links":{"self":[{"href":"https:\/\/fotobbreportajestienda.es\/index.php?rest_route=\/wp\/v2\/product\/3206"}],"collection":[{"href":"https:\/\/fotobbreportajestienda.es\/index.php?rest_route=\/wp\/v2\/product"}],"about":[{"href":"https:\/\/fotobbreportajestienda.es\/index.php?rest_route=\/wp\/v2\/types\/product"}],"wp:featuredmedia":[{"embeddable":true,"href":"https:\/\/fotobbreportajestienda.es\/index.php?rest_route=\/wp\/v2\/media\/3234"}],"wp:attachment":[{"href":"https:\/\/fotobbreportajestienda.es\/index.php?rest_route=%2Fwp%2Fv2%2Fmedia&parent=3206"}],"wp:term":[{"taxonomy":"product_cat","embeddable":true,"href":"https:\/\/fotobbreportajestienda.es\/index.php?rest_route=%2Fwp%2Fv2%2Fproduct_cat&post=3206"},{"taxonomy":"product_tag","embeddable":true,"href":"https:\/\/fotobbreportajestienda.es\/index.php?rest_route=%2Fwp%2Fv2%2Fproduct_tag&post=3206"}],"curies":[{"name":"wp","href":"https:\/\/api.w.org\/{rel}","templated":true}]}}