{"id":245,"date":"2018-06-20T07:25:44","date_gmt":"2018-06-20T07:25:44","guid":{"rendered":"http:\/\/fotobbreportajestienda.es\/?product=organic-handpicked-coffee"},"modified":"2024-04-08T12:57:35","modified_gmt":"2024-04-08T12:57:35","slug":"reportaje-de-recien-nacido-solo-bebe","status":"publish","type":"product","link":"https:\/\/fotobbreportajestienda.es\/?product=reportaje-de-recien-nacido-solo-bebe","title":{"rendered":"Reportaje de Reci\u00e9n Nacido: Solo Beb\u00e9"},"content":{"rendered":"<p>El\u00a0Reportaje\u00a0<strong>SOLO BEB\u00c9<\/strong>\u00a0consiste en<\/p>\n<ul>\n<li>Una sesi\u00f3n fotogr\u00e1fica de\u00a030 minutos de duraci\u00f3n en nuestro Estudio de Pozuelo de Alarc\u00f3n: Retratos del Beb\u00e9 en Diferentes Posturitas.<\/li>\n<li>Galer\u00eda con todos las im\u00e1genes resultantes para visualizar y descargar en Alta Resoluci\u00f3n (50 fotos).<\/li>\n<li>5\u00a0Fotograf\u00edas Retocadas y en Ampliaciones 15\u00d720 impresas en papel fotogr\u00e1fico de calidad profesional. Las\u00a05 fotograf\u00edas son seleccionadas por los padres.<\/li>\n<\/ul>\n<p>Complementa tu compra con:<\/p>\n<ul>\n<li>alguno de los Acabados que ofrecemos:\u00a0<a href=\"http:\/\/fotobbreportajestienda.es\/?product_cat=acabados\">\u00c1lbumes, Cuadros, FotoRegalo, Recordatorios<\/a>\u2026.<\/li>\n<li>el Env\u00edo del Reportaje Acabado por\u00a0<a href=\"http:\/\/fotobbreportajestienda.es\/?product=envio-por-mensajero\">mensajero<\/a>\u00a0cuando est\u00e9 terminado,<\/li>\n<li><a href=\"http:\/\/fotobbreportajestienda.es\/?product=envio-paquete-regalo\">Env\u00edo de Paquete de Regalo<\/a>\u00a0con tarjeta regalo personalizada.<\/li>\n<\/ul>\n","protected":false},"excerpt":{"rendered":"<div class=\"wrapper\">\n<div id=\"shopify-section-product-template\" class=\"shopify-section\">\n<div id=\"ProductSection\" data-section-id=\"product-template\" data-section-type=\"product-template\" data-zoom-enable=\"false\" data-enable-history-state=\"true\">\n<div class=\"grid product-single\">\n<div class=\"grid-item large--one-half\">\n<div class=\"product-single__desc rte\">\n<p>El\u00a0Reportaje\u00a0<strong>SOLO BEB\u00c9<\/strong>\u00a0consiste en<\/p>\n<ul>\n<li>Una sesi\u00f3n fotogr\u00e1fica de\u00a030 minutos de duraci\u00f3n en nuestro Estudio de Pozuelo de Alarc\u00f3n: Retratos del Beb\u00e9 en Diferentes Posturitas.<\/li>\n<li>Galer\u00eda con todos las im\u00e1genes resultantes para visualizar y descargar en Alta Resoluci\u00f3n (50 fotos).<\/li>\n<li>5\u00a0Fotograf\u00edas Retocadas y en Ampliaciones 15&#215;20 impresas en papel fotogr\u00e1fico de calidad profesional. Las\u00a05 fotograf\u00edas son seleccionadas por los padres.<\/li>\n<\/ul>\n<p>Complementa\u00a0tu compra con:<\/p>\n<ul>\n<li>alguno de los Acabados que ofrecemos:\u00a0<a href=\"https:\/\/tienda.fotobbreportajes.es\/collections\/todos-los-acabados-y-entregas\">\u00c1lbumes, Cuadros, FotoRegalo, Recordatorios<\/a>&#8230;.<\/li>\n<li>el Env\u00edo del Reportaje\u00a0Acabado por\u00a0<a href=\"https:\/\/tienda.fotobbreportajes.es\/collections\/todos-los-acabados-y-entregas\/products\/envio-por-mensajero\">mensajero<\/a>\u00a0cuando est\u00e9 terminado,<\/li>\n<li><a href=\"https:\/\/tienda.fotobbreportajes.es\/products\/envio-paquete-regalo\">env\u00edo de Paquete de Regalo<\/a>\u00a0con tarjeta regalo personalizada.<\/li>\n<\/ul>\n<\/div>\n<\/div>\n<\/div>\n<\/div>\n<\/div>\n<\/div>\n","protected":false},"featured_media":3075,"template":"","meta":{"site-sidebar-layout":"default","site-content-layout":"default","ast-global-header-display":"","ast-main-header-display":"","ast-hfb-above-header-display":"","ast-hfb-below-header-display":"","ast-hfb-mobile-header-display":"","site-post-title":"","ast-breadcrumbs-content":"","ast-featured-img":"","footer-sml-layout":"","theme-transparent-header-meta":"default","adv-header-id-meta":"","stick-header-meta":"","header-above-stick-meta":"","header-main-stick-meta":"","header-below-stick-meta":""},"product_cat":[15],"product_tag":[],"class_list":{"0":"post-245","1":"product","2":"type-product","3":"status-publish","4":"has-post-thumbnail","6":"product_cat-uncategorized","7":"desktop-align-center","8":"tablet-align-center","9":"mobile-align-center","11":"first","12":"outofstock","13":"featured","14":"taxable","15":"shipping-taxable","16":"purchasable","17":"product-type-simple"},"_links":{"self":[{"href":"https:\/\/fotobbreportajestienda.es\/index.php?rest_route=\/wp\/v2\/product\/245"}],"collection":[{"href":"https:\/\/fotobbreportajestienda.es\/index.php?rest_route=\/wp\/v2\/product"}],"about":[{"href":"https:\/\/fotobbreportajestienda.es\/index.php?rest_route=\/wp\/v2\/types\/product"}],"wp:featuredmedia":[{"embeddable":true,"href":"https:\/\/fotobbreportajestienda.es\/index.php?rest_route=\/wp\/v2\/media\/3075"}],"wp:attachment":[{"href":"https:\/\/fotobbreportajestienda.es\/index.php?rest_route=%2Fwp%2Fv2%2Fmedia&parent=245"}],"wp:term":[{"taxonomy":"product_cat","embeddable":true,"href":"https:\/\/fotobbreportajestienda.es\/index.php?rest_route=%2Fwp%2Fv2%2Fproduct_cat&post=245"},{"taxonomy":"product_tag","embeddable":true,"href":"https:\/\/fotobbreportajestienda.es\/index.php?rest_route=%2Fwp%2Fv2%2Fproduct_tag&post=245"}],"curies":[{"name":"wp","href":"https:\/\/api.w.org\/{rel}","templated":true}]}}